.
10
Let h(o) = 122*o + 9768. Calculate h(-80).
8
Let s(l) = l**3 - 11*l**2 + 8*l + 8. Calculate s(10).
-12
Let o(u) = 11*u**3 + u**2 + 27*u + 25. Determine o(-1).
-12
Let f(r) = -r**2 - 32*r - 247. Give f(-14).
5
Let o(h) = 1566*h - 7936. Determine o(5).
-106
Let a(q) = -2*q**3 - 30*q**2 - 19*q + 136. Give a(-14).
10
Let j(v) = 8*v**3 + 2*v**2 - 22*v + 21. Determine j(1).
9
Let i(z) = -207*z + 1014. Give i(3).
393
Let v(n) = -17*n - 146. What is v(-7)?
-27
Let y(w) = -20*w + 165. Calculate y(-24).
645
Let w(a) = a**3 - 6*a**2 - 84*a + 272. Determine w(3).
-7
Let f(a) = 7*a**2 - 224*a - 2610. Determine f(-9).
-27
Let a(v) = -22*v + 595. Calculate a(30).
-65
Let n(h) = 10446*h - 73143. Determine n(7).
-21
Let b(u) = -16*u**2 + 16*u - 10. Give b(1).
-10
Let b(f) = f**3 + 25*f**2 - 17*f + 3. Determine b(0).
3
Let g(t) = 186*t + 2048. Give g(-11).
2
Let q(n) = -20*n**2 - 41*n + 1. Calculate q(-2).
3
Let c(g) = -g**2 + 45*g - 48. Calculate c(9).
276
Let c(g) = -3*g - 14. Calculate c(8).
-38
Let c(u) = 2*u**2 + 42*u - 50. Calculate c(-20).
-90
Let v(k) = 2450*k - 188656. What is v(77)?
-6
Let z(t) = 2740*t + 2717. Give z(-1).
-23
Let n(s) = 1531*s + 1536. Calculate n(-1).
5
Let i(k) = 2*k**3 - 22*k**2 - 57*k + 52. What is i(13)?
-13
Let u(y) = -y**2 + 491*y - 37622. What is u(95)?
-2
Let l(r) = 6*r**3 - 2*r**2 + 3. Calculate l(-1).
-5
Let p(k) = 15*k - 98. What is p(1)?
-83
Let k(b) = -b**2 - 48*b - 279. Give k(-20).
281
Let v(s) = -s**3 + 10*s**2 - 13*s + 149. What is v(10)?
19
Let s(d) = d**2 - 52*d + 195. Determine s(4).
3
Let t(r) = -208*r - 997. Calculate t(-5).
43
Let a(b) = -b**2 - 27*b + 379. Give a(10).
9
Let r(w) = -w**2 + 23*w - 8. Give r(13).
122
Let k(p) = -3*p**3 + 52*p**2 + 6*p + 535. Calculate k(18).
-5
Let p(d) = -2*d**3 + 10*d**2 - 13*d + 14. Give p(7).
-273
Let t(q) = -q**3 - 10*q**2 - 17*q - 254. What is t(-10)?
-84
Let v(c) = -11*c**2 + c - 6. What is v(7)?
-538
Let w(l) = -l**3 - 9*l**2 - 8*l + 6. What is w(-6)?
-54
Let a(i) = -i**2 - 2959*i + 23727. Determine a(8).
-9
Let x(y) = y**3 + 5*y**2 - 22*y - 5. Give x(5).
135
Let i(o) = o**2 - 23*o - 97. What is i(31)?
151
Let r(d) = 2*d**3 + 155*d**2 - 391*d + 727. Calculate r(-80).
7
Let o(x) = 2*x**2 + 51*x + 13. What is o(0)?
13
Let j(a) = -a**3 - 47*a**2 + 101*a + 43. What is j(-49)?
-104
Let y(v) = -97*v**3 + 26*v**2 - 27*v. What is y(1)?
-98
Let f(x) = -x**2 + 8*x - 28. Determine f(3).
-13
Let j(t) = -2*t**3 + 13*t**2 - 8*t - 21. What is j(5)?
14
Let a(q) = 18*q - 314. Calculate a(-22).
-710
Let h(o) = 551*o + 10569. What is h(-19)?
100
Let y(n) = -n**3 - 22*n**2 + 6*n + 129. Give y(-22).
-3
Let x(j) = -j**3 - 4*j**2 + 843*j + 190. Determine x(-31).
4
Let r(d) = -48*d**2 + 326*d - 324. What is r(1)?
-46
Let t(f) = f**2 + 195*f + 1004. What is t(-5)?
54
Let f(g) = g**3 - 3*g**2 - 16*g + 57. What is f(4)?
9
Let z(a) = 2*a**2 + 12*a - 69. Give z(-10).
11
Let m(n) = -144*n + 5452. What is m(38)?
-20
Let u(o) = 20*o - 29. What is u(1)?
-9
Let g(o) = -o**3 + 22*o**2 - 104*o - 9. Determine g(15).
6
Let h(q) = -30*q**2 - 450*q - 20. Give h(-15).
-20
Let t(i) = i**2 - 23*i + 90. Calculate t(23).
90
Let i(r) = -r**2 - 29*r - 299. What is i(-33)?
-431
Let m(p) = 665*p - 36576. What is m(55)?
-1
Let a(q) = -290*q - 287. Determine a(-1).
3
Let g(p) = p**3 + 7*p**2 + 17*p + 55. What is g(-9)?
-260
Let s(g) = 171*g - 4304. Determine s(26).
142
Let g(d) = d**2 - 676*d - 61312. Give g(-81).
5
Let k(l) = l**2 - 23*l - 237. Give k(-8).
11
Let y(d) = 4*d**3 - 75*d**2 + 50*d + 72. Give y(18).
0
Let l(f) = 3*f**3 - 28*f**2 - 197*f + 1847. What is l(9)?
-7
Let v(x) = 64*x - 4472. Give v(74).
264
Let h(l) = 3*l**3 - 985*l**2 + 6119*l - 326. Calculate h(322).
-4
Let i(t) = 2*t**2 + 819*t + 821. What is i(-1)?
4
Let j(z) = 200*z - 3599. Determine j(18).
1
Let i(r) = 6*r**3 - 5*r**2 - 17*r - 4. Determine i(-2).
-38
Let g(w) = -6*w + 234. Calculate g(41).
-12
Let z(c) = -1345*c + 2795. What is z(2)?
105
Let a(p) = -12*p**2 + 106*p - 14. What is a(9)?
-32
Let f(z) = 52*z + 656. Calculate f(-13).
-20
Let j(o) = 197*o + 4942. Give j(-25).
17
Let y(m) = -101*m + 3342. What is y(33)?
9
Let f(z) = z**3 - 5*z**2 + 20*z - 60. Calculate f(5).
40
Let g(d) = 12*d**3 - d**2 + 5*d + 5. Calculate g(-1).
-13
Let j(m) = -13*m + 377. Give j(52).
-299
Let b(v) = 402*v + 22103. Calculate b(-55).
-7
Let p(g) = 23*g + 23. Calculate p(-7).
-138
Let d(h) = -h**3 + 2*h**2 + 59*h + 62. What is d(-6)?
-4
Let d(y) = -156*y - 469. What is d(-3)?
-1
Let t(r) = -2*r**3 + 149*r**2 + 1694*r + 41. Give t(-10).
1
Let c(h) = -12*h + 24. Determine c(11).
-108
Let j(o) = -o**2 - 23*o - 76. Give j(-25).
-126
Let u(s) = s**2 - 76*s + 1312. Give u(56).
192
Let z(w) = 2092*w - 6287. Determine z(3).
-11
Let t(n) = -n**3 + 8*n**2 - n - 12. Give t(3).
30
Let c(w) = 13*w**2 + w - 126. Give c(-7).
504
Let h(g) = 162*g**2 + 7*g - 1. What is h(-1)?
154
Let x(j) = -10*j**2 - 60*j + 519. Calculate x(9).
-831
Let a(w) = -30*w + 216. Give a(7).
6
Let r(t) = t**3 + 9*t**2 - 14*t - 24. Give r(-9).
102
Let g(s) = -2*s**3 + 46*s**2 + s + 143. What is g(23)?
166
Let f(c) = -c**3 - 60*c**2 + 123*c + 36. Give f(-62).
98
Let g(n) = -2*n**3 - n**2 - 14*n + 78. Give g(4).
-122
Let c(y) = -47*y - 657. Give c(-14).
1
Let u(n) = -n - 551. Calculate u(22).
-573
Let i(o) = -22*o**2 - 571*o + 17. Give i(-26).
-9
Let s(v) = -2*v**3 - 20*v**2 - 4*v + 46. Calculate s(-11).
332
Let x(y) = -4826*y + 48259. Give x(10).
-1
Let p(q) = 20*q - 58. Calculate p(-5).
-158
Let l(f) = 3*f**3 + 23*f**2 + 75*f + 668. What is l(-8)?
4
Let v(w) = 119*w - 5635. Determine v(47).
-42
Let f(a) = -a**2 - 14*a - 44. Determine f(-10).
-4
Let v(w) = -72*w - 348. Calculate v(-5).
12
Let n(v) = v**3 - 42*v**2 - 28*v + 1122. Give n(42).
-54
Let o(a) = 2*a**3 + 153*a**2 + 225*a - 8. Give o(-75).
-8
Let u(w) = -w**2 - 109*w - 886. Determine u(-9).
14
Let b(l) = 2*l**3 - 13*l**2 - 3*l + 35. Determine b(6).
-19
Let u(c) = 352*c**3 - c**2 + 4*c - 3. What is u(1)?
352
Let s(z) = -z**3 + 8*z**2 + 11*z + 45. What is s(12)?
-399
Let l(g) = 23*g**2 + 737*g - 84. Give l(-32).
-116
Let r(p) = 179*p + 367. Determine r(-2).
9
Let z(f) = 49*f + 19. Determine z(4).
215
Let f(i) = -14*i + 724. What is f(49)?
38
Let c(s) = 2*s**3 - 51*s**2 + 35*s - 253. Calculate c(25).
-3
Let z(v) = v**3 - 24*v**2 + 41*v + 95. Calculate z(22).
29
Let z(i) = -2*i**3 - 16*i**2 - i - 16. Calculate z(-7).
-107
Let r(t) = -20*t**3 - 176*t**2 - 133*t - 30. Determine r(-8).
10
Let c(w) = -13*w**2 + 129*w - 16. Determine c(10).
-26
Let u(n) = -n**2 - 8*n - 12. Calculate u(-18).
-192
Let w(b) = 458*b - 6405. Calculate w(14).
7
Let r(p) = p**2 - 143*p + 2561. Give r(120).
-199
Let g(t) = 7*t**2 + 91*t + 79. Calculate g(-14).
177
Let k(m) = -3*m + 248. Calculate k(18).
194
Let s(k) = 7*k**2 - 266*k + 1829. Calculate s(9).
2
Let z(b) = -673*b**2 - 10*b - 10. Give z(-1).
-673
Let a(f) = -2*f**3 - 3*f**2 + 26*f - 44. Give a(-5).
1
Let r(p) = -p**2 + 194*p - 3159. Calculate r(176).
9
Let b(x) = -88*x - 5249. Determine b(-56).
-321
Let i(f) = -f**3 + 9*f**2 + 6*f - 10. Determine i(0).
-10
Let p(g) = -35*g - 1169. What is p(-37)?
126
Let t(i) = -i**3 + 6*i**2 + 12*i - 24. Calculate t(6).
48
Let i(r) = 8*r**2 - 191*r - 13. Calculate i(23).
-174
Let m(x) = -2*x**3 - 9*x**2 - 19*x - 25. Calculate m(-5).
95
Let t(b) = 10*b - 43. Calculate t(3).
-13
Let w(a) = 2*a**2 + 23*a - 211. Determine w(6).
-1
Let g(r) = 672*r + 10759. Give g(-16).
7
Let f(x) = -x**3 - 13*x**2 - 15*x - 104. Calculate f(-10).
-254
Let r(x) = 4*x**2 + 40*x + 285. Calculate r(-6).
189
Let w(g) = 8*g**2 + 323*g + 18. Determine w(-40).
-102
Let n(z) = -z**3 + 42*z**2 - 117*z + 16. Determine n(39).
16
Let t(i) = i**3 - 44*i**2 + 48*i + 75. Give t(43).
290
Let r(j) = 22*j - 805. Calculate r(40).
75
Let g(r) = -279*r**2 - 73*r + 73. Give g(1).
-279
Let q(u) = u**2 + 359*u + 2809. Calculate q(-8).
1
Let j(h) = -h**3 - 92*h**2 + 98*h + 474. Calculate j(-93).
9
Let x(m) = 431*m - 3740. Calculate x(9).
139
Let b(z) = -87*z - 286. Calculate b(-3).
-25
Let r(l) = -12890*l + 128908. What is r(10)?
8
Let d(o) = 437*o + 16. Give d(-1).
-421
Let a(b) = -b**3 + 9*b**2 + 4*b + 6. Give a(7).
132
Let m(q) = q**3 + 31*q**2 - 67*q - 40. Calculate m(-33).
-7
Let o(r) = 3*r**2 - 15*r + 1. Give o(-6).
19